{"id":158,"date":"2017-03-04T12:41:32","date_gmt":"2017-03-04T12:41:32","guid":{"rendered":"http:\/\/allgemeinarzt-in-bonn.de\/?page_id=158"},"modified":"2026-04-13T19:20:07","modified_gmt":"2026-04-13T19:20:07","slug":"ueberweisungen","status":"publish","type":"page","link":"https:\/\/www.allgemeinarzt-in-bonn.de\/?page_id=158","title":{"rendered":"\u00dcberweisungen"},"content":{"rendered":"<p><img decoding=\"async\" src=\"\/wp-content\/uploads\/2017\/03\/praxis_quer.png\" alt=\"\"><\/p>\n<h1>\u00dcberweisungen<\/h1>\n<hr>\n<div>Sie sind schon Patient bei uns? Dann k\u00f6nnen Sie \u00fcber dieses Formular \u00dcberweisungen online bestellen. Bitte erg\u00e4nzen Sie dazu das nachfolgende Formular.<br \/>\nBitte bedenken Sie, dass in bestimmten F\u00e4llen ein vorheriges Arztgespr\u00e4ch erforderlich ist.<\/div>\n<div>\n\n<div class=\"wpcf7 no-js\" id=\"wpcf7-f542-o1\" lang=\"de-DE\" dir=\"ltr\">\n<div class=\"screen-reader-response\"><p role=\"status\" aria-live=\"polite\" aria-atomic=\"true\"><\/p> <ul><\/ul><\/div>\n<form action=\"\/index.php?rest_route=%2Fwp%2Fv2%2Fpages%2F158#wpcf7-f542-o1\" method=\"post\" class=\"wpcf7-form init\" aria-label=\"Kontaktformular\" novalidate=\"novalidate\" data-status=\"init\">\n<div style=\"display: none;\">\n<input type=\"hidden\" name=\"_wpcf7\" value=\"542\" \/>\n<input type=\"hidden\" name=\"_wpcf7_version\" value=\"5.8\" \/>\n<input type=\"hidden\" name=\"_wpcf7_locale\" value=\"de_DE\" \/>\n<input type=\"hidden\" name=\"_wpcf7_unit_tag\" value=\"wpcf7-f542-o1\" \/>\n<input type=\"hidden\" name=\"_wpcf7_container_post\" value=\"0\" \/>\n<input type=\"hidden\" name=\"_wpcf7_posted_data_hash\" value=\"\" \/>\n<\/div>\n<p><label> Anrede*<\/label><br \/>\n<span class=\"wpcf7-form-control-wrap\" data-name=\"Anrede\"><select class=\"wpcf7-form-control wpcf7-select\" aria-invalid=\"false\" name=\"Anrede\"><option value=\"Frau\">Frau<\/option><option value=\"Herr\">Herr<\/option><\/select><\/span>\n<\/p>\n<p><label> Vorname*<br \/>\n<span class=\"wpcf7-form-control-wrap\" data-name=\"your-vorname\"><input size=\"40\" class=\"wpcf7-form-control wpcf7-text wpcf7-validates-as-required\" aria-required=\"true\" aria-invalid=\"false\" value=\"\" type=\"text\" name=\"your-vorname\" \/><\/span> <\/label>\n<\/p>\n<p><label> Name*<br \/>\n<span class=\"wpcf7-form-control-wrap\" data-name=\"your-name\"><input size=\"40\" class=\"wpcf7-form-control wpcf7-text wpcf7-validates-as-required\" aria-required=\"true\" aria-invalid=\"false\" value=\"\" type=\"text\" name=\"your-name\" \/><\/span> <\/label>\n<\/p>\n<p><label> Geburtsdatum*<br \/>\n<span class=\"wpcf7-form-control-wrap\" data-name=\"your-geburtsdatum\"><input size=\"40\" class=\"wpcf7-form-control wpcf7-text wpcf7-validates-as-required\" aria-required=\"true\" aria-invalid=\"false\" value=\"\" type=\"text\" name=\"your-geburtsdatum\" \/><\/span> <\/label>\n<\/p>\n<p><label> E-Mail-Adresse*<br \/>\n<span class=\"wpcf7-form-control-wrap\" data-name=\"your-email\"><input size=\"40\" class=\"wpcf7-form-control wpcf7-email wpcf7-validates-as-required wpcf7-text wpcf7-validates-as-email\" aria-required=\"true\" aria-invalid=\"false\" value=\"\" type=\"email\" name=\"your-email\" \/><\/span> <\/label>\n<\/p>\n<p><label> \u00dcberweisung an*<\/label><br \/>\n<span class=\"wpcf7-form-control-wrap\" data-name=\"Fachrichtung\"><select class=\"wpcf7-form-control wpcf7-select wpcf7-validates-as-required\" aria-required=\"true\" aria-invalid=\"false\" name=\"Fachrichtung\"><option value=\"Augenheilkunde\">Augenheilkunde<\/option><option value=\"Chirurgie\">Chirurgie<\/option><option value=\"Dermatologe Gastroenterologie\">Dermatologe Gastroenterologie<\/option><option value=\"Gef\u00e4\u00dfheilkunde\">Gef\u00e4\u00dfheilkunde<\/option><option value=\"Gyn\u00e4kologe\">Gyn\u00e4kologe<\/option><option value=\"Kardiologie\">Kardiologie<\/option><option value=\"Nephrologie\">Nephrologie<\/option><option value=\"Nuklearmedizin\">Nuklearmedizin<\/option><option value=\"Neurologie\">Neurologie<\/option><option value=\"Orthop\u00e4die\">Orthop\u00e4die<\/option><option value=\"Proktologie\">Proktologie<\/option><option value=\"Psychiatrie\">Psychiatrie<\/option><option value=\"Pulmologie\">Pulmologie<\/option><option value=\"Radiologie\">Radiologie<\/option><option value=\"Urologie\">Urologie<\/option><option value=\"Onkologie\">Onkologie<\/option><option value=\"-\">-<\/option><\/select><\/span>\n<\/p>\n<p>Bitte tragen Sie unten die Bezeichnung ein, sofern die gew\u00fcnschte Fachrichtung oben nicht aufgef\u00fchrt ist!\n<\/p>\n<p><span class=\"wpcf7-form-control-wrap\" data-name=\"Fachrichtung_text\"><textarea cols=\"40\" rows=\"10\" class=\"wpcf7-form-control wpcf7-textarea\" aria-invalid=\"false\" name=\"Fachrichtung_text\"><\/textarea><\/span>\n<\/p>\n<p>Ich bin damit einverstanden, dass die im Kontaktformular eingegebenen Daten f\u00fcr die Bearbeitung meiner Kontaktanfrage verwendet werden.<br \/>\nDiese Einwilligung kann ich jederzeit f\u00fcr die Zukunft widerrufen. Details sind der <a href=\"https:\/\/www.allgemeinarzt-in-bonn.de\/?page_id=546\" target=\"_blank\">Datenschutzerkl\u00e4rung<\/a> zu entnehmen.\n<\/p>\n<p><span class=\"wpcf7-form-control-wrap\" data-name=\"datenschutz\"><span class=\"wpcf7-form-control wpcf7-acceptance\"><span class=\"wpcf7-list-item\"><input type=\"checkbox\" name=\"datenschutz\" value=\"1\" id=\"DatenschutzerklrungzurKenntnisgenommen\" aria-invalid=\"false\" \/><\/span><\/span><\/span> Datenschutzerkl\u00e4rung zur Kenntnis genommen!\n<\/p>\n<p>Bitte f\u00fcllen Sie alle mit * markierten Pflichtfelder aus.\n<\/p>\n<p><input class=\"wpcf7-form-control wpcf7-submit has-spinner el-content uk-button uk-button-primary\" type=\"submit\" value=\"Senden\" \/>\n<\/p><div class=\"wpcf7-response-output\" aria-hidden=\"true\"><\/div>\n<\/form>\n<\/div>\n<\/div>\n<p><!--more--><br \/>\n<!-- {\"type\":\"layout\",\"children\":[{\"name\":\"R\\u00e4umlichkeiten\",\"type\":\"section\",\"props\":{\"image_position\":\"center-center\",\"padding_remove_bottom\":true,\"padding_remove_top\":true,\"style\":\"primary\",\"title_breakpoint\":\"xl\",\"title_position\":\"top-left\",\"title_rotation\":\"left\",\"vertical_align\":\"middle\",\"width\":\"default\"},\"children\":[{\"type\":\"row\",\"children\":[{\"type\":\"column\",\"props\":{\"image_position\":\"center-center\",\"position_sticky_breakpoint\":\"m\",\"width_medium\":\"1-1\"},\"children\":[{\"type\":\"headline\",\"props\":{\"content\":\"<strong>Die Praxis macht vom 07.04.26 \\u2013 10.04.26 Osterferien.<\\\/strong><br \\\/><strong>Unsere Praxis-Vertretung: Dr. Eichorn, Oppelner Str. 33, 53119 Bonn<\\\/strong><br \\\/><strong>Telefon 0228 9663024<\\\/strong> \\n\\n<!--strong>Die Praxis macht vom 12.02.2026 bis einschlie\\u00dflich 17.02.2026 Karnevalsurlaub.<\\\/strong><br \\\/><strong>Unsere Praxis-Vertretung: Dr. Eichorn, Oppelner Str. 33, 53119 Bonn<\\\/strong><br \\\/><strong>Telefon 0228 9663024<\\\/strong>\\n\\n<!--strong>Weihnachtsurlaub vom 22.12.2025 bis 02.01.2026<br \\\/>Unsere Praxis-Vertretung: Dr. Eichorn, Oppelner Str. 33, 53119 Bonn<br \\\/>Telefon 0228 9663024<\\\/strong> \\n\\n<!--strong>Die Praxis macht vom 13.10.2025 \\u2013 17.10.2025 Urlaub.<\\\/strong><br \\\/><strong>Unsere Praxis-Vertretung: Hausarztpraxis Buschdorf<br \\\/>\\nMerdian\\\/Luzar, Otto-Hahn-Str. 62, 53117 Bonn, Telefon 0228 676266<\\\/strong>\\n\\n<!--strong>Praxisurlaub vom 21.07.25 bis einschlie\\u00dflich 08.08.25.<\\\/strong><br \\\/><strong>Unsere Praxis-Vertretung: Dr. Eichorn, Oppelner Str. 33, 53119 Bonn<br \\\/>Telefon 0228 9663024<\\\/strong>\\n\\n<!--strong>Die Praxis ist am 10.06. geschlossen.<\\\/strong><br \\\/><strong>Unsere Praxis-Vertretung: Dr. Eichorn, Oppelner Str. 33, 53119 Bonn<br \\\/>Telefon 0228 9663024<\\\/strong--> \\n\\n<!--strong>Die Praxis ist am 30.05. und am 10.06. geschlossen.<\\\/strong><br \\\/><strong>Unsere Praxis-Vertretung: Dr. Eichorn, Oppelner Str. 33, 53119 Bonn<br \\\/>Telefon 0228 9663024<\\\/strong--> \\n\\n<!--strong>Praxis ist von 19.05. - 22.05. wegen IT-Umstellung geschlossen.<\\\/strong><br \\\/><strong>Unsere Praxis-Vertretung: Dr. Eichorn, Oppelner Str. 33, 53119 Bonn<br \\\/>Telefon 0228 9663024<\\\/strong--> \\n\\n<!--strong>Die Praxis macht vom 22.04.25 \\u2013 25.04.25 Osterferien.<\\\/strong><br \\\/><strong>Unsere Praxis-Vertretung: Praxis Merdian\\\/Luzar, Otto-Hahn-Str. 62, 53117 Bonn<\\\/strong><br \\\/><strong>Telefon 0228 676266<\\\/strong--> \\n\\n<!--strong>Die Praxis macht vom 27.02.2025 - 04.03.2025 Karnevalsurlaub.<\\\/strong><br \\\/><strong>Unsere Praxis-Vertretung: Dr. Eichorn, Oppelner Str. 33, 53119 Bonn<\\\/strong><br \\\/><strong>Telefon 0228 9663024<\\\/strong--> \\n\\n<!--strong>Die Praxis macht vom 19.12.2024 - 03.01.2025 Urlaub.<\\\/strong><br \\\/><strong>Unsere Praxis-Vertretung: Dr. Eichorn, Oppelner Str. 33, 53119 Bonn<\\\/strong><br \\\/><strong>Telefon 0228 9663024 \\u2013 Wir w\\u00fcnschen frohe Weihnachten!<\\\/strong--> <!--strong>Die Praxis macht vom 21.10.24 - 25.10.24 Urlaub.<\\\/strong><br \\\/><strong>Unsere Praxis-Vertretung: Dr. Abel &amp; Dr. Z\\u00fchlke, Rochusstr. 190, 53123 Bonn<\\\/strong><br \\\/><strong>Telefon 0228 622457<\\\/strong--> <!--<strong>Am Dienstag, dem 21. Mai 2024 bleibt die Praxis zu. <\\\/strong><br \\\/><strong>Unsere Praxis- Vertretung:\\u00a0Dr. Eichhorn, Oppelner Str. 33, 53119 Bonn, <\\\/strong><br \\\/><strong>Telefon 0228 9663024<\\\/strong--> <!--strong>Am 10. Mai 2024 bleibt die Praxis zu. <\\\/strong><br \\\/><strong>Unsere Praxis- Vertretung:\\u00a0Dr. Hesse\\\/Dr. Merdian, Otto-Hahn-Str.62, 53117 Bonn, <\\\/strong><br \\\/><strong>Telefon 0228 676266<\\\/strong><\\\/--> <!--strong>Seit dem 6. November<\\\/strong> finden Sie uns in neuen R\\u00e4umlichkeiten. <strong>Paulusplatz 7-9, 53119 Bonn, Tel. +49 228\\\/661069<\\\/strong--> <!--strong>In den Osterferien ist die Praxis vom 25.03. \\u2013 29.03. geschlossen.<br \/>Wir w\\u00fcnschen frohe Ostern!<\\\/strong--> <!--<strong>Die Praxis macht vom 28.05. \\u2013 29.05.2023 Urlaub.<br \\\/>Bitte beachten Sie die Aush\\u00e4nge und Telefonansagen!<br \\\/>Wir w\\u00fcnschen frohe Pfingsten!<\\\/strong>--> <!--<strong>Die Praxis macht vom 29.07. - 09.08.24 Urlaub.<br \/>\\nBitte beachten Sie w\\u00e4hrend der Sommerferien die Aush\\u00e4nge und Telefonansagen!<\\\/strong--> <!--strong>Die Praxis macht vom 02.10. \\u2013 06.10.2023 Urlaub.<br \\\/>Bitte beachten Sie w\\u00e4hrend der Herbstferien die Aush\\u00e4nge und Telefonansagen!<\\\/strong--> <!--strong>Die Praxis macht vom 20.12.2023 \\u2013 03.01.2024 Urlaub.<br \\\/>Bitte beachten Sie w\\u00e4hrend der Weihnachtsferien die Aush\\u00e4nge und Telefonansagen!<br \\\/>Wir w\\u00fcnschen frohe Weihnachten!<\\\/strong-->&#8222;,&#8220;css&#8220;:&#8220;.el-element {\\npadding-top:15px;\\n    padding-bottom: 15px;\\n}&#8220;,&#8220;margin_remove_bottom&#8220;:true,&#8220;margin_remove_top&#8220;:true,&#8220;text_align&#8220;:&#8220;center&#8220;,&#8220;title_element&#8220;:&#8220;h1&#8243;,&#8220;title_style&#8220;:&#8220;h3&#8243;}}]}],&#8220;props&#8220;:{&#8222;status&#8220;:&#8220;disabled&#8220;}}]},{&#8222;name&#8220;:&#8220;Neue Seite&#8220;,&#8220;type&#8220;:&#8220;section&#8220;,&#8220;props&#8220;:{&#8222;image_position&#8220;:&#8220;center-center&#8220;,&#8220;style&#8220;:&#8220;default&#8220;,&#8220;title_breakpoint&#8220;:&#8220;xl&#8220;,&#8220;title_position&#8220;:&#8220;top-left&#8220;,&#8220;title_rotation&#8220;:&#8220;left&#8220;,&#8220;vertical_align&#8220;:&#8220;middle&#8220;,&#8220;width&#8220;:&#8220;default&#8220;},&#8220;children&#8220;:[{&#8222;type&#8220;:&#8220;row&#8220;,&#8220;children&#8220;:[{&#8222;type&#8220;:&#8220;column&#8220;,&#8220;props&#8220;:{&#8222;image_position&#8220;:&#8220;center-center&#8220;,&#8220;position_sticky_breakpoint&#8220;:&#8220;m&#8220;,&#8220;width_medium&#8220;:&#8220;1-1&#8243;},&#8220;children&#8220;:[{&#8222;name&#8220;:&#8220;Logo Top&#8220;,&#8220;type&#8220;:&#8220;image&#8220;,&#8220;props&#8220;:{&#8222;image&#8220;:&#8220;wp-content\\\/uploads\\\/2017\\\/03\\\/praxis_quer.png&#8220;,&#8220;image_svg_color&#8220;:&#8220;emphasis&#8220;,&#8220;margin&#8220;:&#8220;default&#8220;,&#8220;text_align&#8220;:&#8220;center&#8220;}},{&#8222;type&#8220;:&#8220;headline&#8220;,&#8220;props&#8220;:{&#8222;content&#8220;:&#8220;\\u00dcberweisungen&#8220;,&#8220;title_color&#8220;:&#8220;muted&#8220;,&#8220;title_element&#8220;:&#8220;h1&#8243;,&#8220;title_style&#8220;:&#8220;heading-small&#8220;}},{&#8222;type&#8220;:&#8220;divider&#8220;,&#8220;props&#8220;:{&#8222;divider_element&#8220;:&#8220;hr&#8220;}},{&#8222;type&#8220;:&#8220;text&#8220;,&#8220;props&#8220;:{&#8222;column_breakpoint&#8220;:&#8220;m&#8220;,&#8220;content&#8220;:&#8220;Sie sind schon Patient bei uns? Dann k\\u00f6nnen Sie \\u00fcber dieses Formular \\u00dcberweisungen online bestellen. Bitte erg\\u00e4nzen Sie dazu das nachfolgende Formular.<br \/>\\nBitte bedenken Sie, dass in bestimmten F\\u00e4llen ein vorheriges Arztgespr\\u00e4ch erforderlich ist.&#8220;,&#8220;margin&#8220;:&#8220;default&#8220;}}]}]}]},{&#8222;name&#8220;:&#8220;\\u00dcberweisungen&#8220;,&#8220;type&#8220;:&#8220;section&#8220;,&#8220;props&#8220;:{&#8222;image_position&#8220;:&#8220;center-center&#8220;,&#8220;padding_remove_bottom&#8220;:true,&#8220;padding_remove_top&#8220;:true,&#8220;style&#8220;:&#8220;muted&#8220;,&#8220;title_breakpoint&#8220;:&#8220;xl&#8220;,&#8220;title_position&#8220;:&#8220;top-left&#8220;,&#8220;title_rotation&#8220;:&#8220;left&#8220;,&#8220;vertical_align&#8220;:&#8220;middle&#8220;,&#8220;width&#8220;:&#8220;default&#8220;},&#8220;children&#8220;:[{&#8222;type&#8220;:&#8220;row&#8220;,&#8220;children&#8220;:[{&#8222;type&#8220;:&#8220;column&#8220;,&#8220;props&#8220;:{&#8222;image_position&#8220;:&#8220;center-center&#8220;,&#8220;position_sticky_breakpoint&#8220;:&#8220;m&#8220;,&#8220;width_medium&#8220;:&#8220;1-1&#8243;},&#8220;children&#8220;:[{&#8222;type&#8220;:&#8220;html&#8220;,&#8220;props&#8220;:{&#8222;content&#8220;:&#8220;<p class=\"wpcf7-contact-form-not-found\"><strong>Fehler:<\/strong> Kontaktformular wurde nicht gefunden.<\/p>&#8222;}}]}]}]}],&#8220;version&#8220;:&#8220;4.0.1&#8243;} &#8211;><\/p>\n","protected":false},"excerpt":{"rendered":"<p>\u00dcberweisungen Sie sind schon Patient bei uns? Dann k\u00f6nnen Sie \u00fcber dieses Formular \u00dcberweisungen online bestellen. Bitte erg\u00e4nzen Sie dazu das nachfolgende Formular. Bitte bedenken Sie, dass in bestimmten F\u00e4llen ein vorheriges Arztgespr\u00e4ch erforderlich ist.<\/p>\n","protected":false},"author":1,"featured_media":0,"parent":0,"menu_order":0,"comment_status":"closed","ping_status":"closed","template":"","meta":{"footnotes":""},"_links":{"self":[{"href":"https:\/\/www.allgemeinarzt-in-bonn.de\/index.php?rest_route=\/wp\/v2\/pages\/158"}],"collection":[{"href":"https:\/\/www.allgemeinarzt-in-bonn.de\/index.php?rest_route=\/wp\/v2\/pages"}],"about":[{"href":"https:\/\/www.allgemeinarzt-in-bonn.de\/index.php?rest_route=\/wp\/v2\/types\/page"}],"author":[{"embeddable":true,"href":"https:\/\/www.allgemeinarzt-in-bonn.de\/index.php?rest_route=\/wp\/v2\/users\/1"}],"replies":[{"embeddable":true,"href":"https:\/\/www.allgemeinarzt-in-bonn.de\/index.php?rest_route=%2Fwp%2Fv2%2Fcomments&post=158"}],"version-history":[{"count":75,"href":"https:\/\/www.allgemeinarzt-in-bonn.de\/index.php?rest_route=\/wp\/v2\/pages\/158\/revisions"}],"predecessor-version":[{"id":982,"href":"https:\/\/www.allgemeinarzt-in-bonn.de\/index.php?rest_route=\/wp\/v2\/pages\/158\/revisions\/982"}],"wp:attachment":[{"href":"https:\/\/www.allgemeinarzt-in-bonn.de\/index.php?rest_route=%2Fwp%2Fv2%2Fmedia&parent=158"}],"curies":[{"name":"wp","href":"https:\/\/api.w.org\/{rel}","templated":true}]}}